{"id":2507,"date":"2016-06-29T13:41:02","date_gmt":"2016-06-29T13:41:02","guid":{"rendered":"http:\/\/oadiriv.unipa.it\/?page_id=2507"},"modified":"2019-06-28T21:18:22","modified_gmt":"2019-06-28T21:18:22","slug":"numero-12-dicembre-2015","status":"publish","type":"page","link":"https:\/\/oadiriv.unipa.it\/?page_id=2507","title":{"rendered":"Numero 12 &#8211; Dicembre 2015"},"content":{"rendered":"<h4><a href=\"http:\/\/oadiriv.unipa.it\/?page_id=2375\"><strong>Maria Concetta Di Natale \u2013 Criteri di Museologia per il Museo Diocesano di Monreale<\/strong><\/a><\/h4>\n<h4><a href=\"http:\/\/oadiriv.unipa.it\/?page_id=2375\"><strong> <\/strong><\/a><a href=\"http:\/\/oadiriv.unipa.it\/?page_id=2378\"><strong>Benedetta Montevecchi \u2013 Postille alla mostra romana \u201cSculture preziose\u201d<\/strong><\/a><\/h4>\n<h4>\n<p><strong> <\/strong><\/p>\n<p><a href=\"http:\/\/oadiriv.unipa.it\/?page_id=2382\"><strong>Roberta Cruciata \u2013 \u201cMaria-nuova Eva\u201d: un\u2019insolita iconografia per un\u2019Immacolata Concezione alabastrina del XVIII secolo<\/strong><\/a><\/p>\n<p><a href=\"http:\/\/oadiriv.unipa.it\/?page_id=2387\"><strong>Rosalia  Francesca Margiotta \u2013 Argenti e argentieri per il monastero del SS.  Salvatore di Corleone dalla fine del XVII ai primi decenni del XIX  secolo<\/strong><\/a><\/p>\n<p><a href=\"http:\/\/oadiriv.unipa.it\/?page_id=2390\"><strong>Maria Laura Celona \u2013 Le suppellettili liturgiche del Santuario di Nostra Signora della Misericordia a Valderice<\/strong><\/a><\/p>\n<p><a href=\"http:\/\/oadiriv.unipa.it\/?page_id=2396\"><strong>Giovanni Boraccesi \u2013 Una sinfonia di argenti nell\u2019isola di Tinos: le chiese di Chatzir\u00e0dos, Koum\u00e0ros, Kr\u00f2kos e Steni <\/strong><\/a><\/p>\n<p><a href=\"http:\/\/oadiriv.unipa.it\/?page_id=2399\"><strong>Sergio Intorre \u2013 Il <em>Cristo deriso<\/em> della chiesa di San Calogero a Naro<\/strong><\/a><\/p>\n<p><strong> <\/strong><strong> <\/strong><\/p>\n<p><a href=\"http:\/\/oadiriv.unipa.it\/?page_id=2403\"><strong>Elvira D\u2019Amico \u2013 Un inedito collage neoclassico alla Civica Galleria d\u2019Arte Moderna di Palermo<\/strong><\/a><\/p>\n<p><a href=\"http:\/\/oadiriv.unipa.it\/?page_id=2411\"><strong>Andrea Massimo Basana \u2013 La ditta Fratelli Testolini<\/strong><\/a><\/p>\n<p><a href=\"http:\/\/oadiriv.unipa.it\/?page_id=2419\"><strong>Paola  Venturelli \u2013 Alfredo Ravasco: tra la Sicilia (Maria Accascina,  Salvatore Corvaya) e Milano (la mostra a Villa Necchi Campiglio \u2013 FAI).  Inediti e ritrovamenti<\/strong><\/a><\/h4>\n","protected":false},"excerpt":{"rendered":"<div class=\"mh-excerpt\"><p>Maria Concetta Di Natale \u2013 Criteri di Museologia per il Museo Diocesano di Monreale Benedetta Montevecchi \u2013 Postille alla mostra romana \u201cSculture preziose\u201d Roberta Cruciata <a class=\"mh-excerpt-more\" href=\"https:\/\/oadiriv.unipa.it\/?page_id=2507\" title=\"Numero 12 &#8211; Dicembre 2015\">[&#8230;]<\/a><\/p>\n<\/div>","protected":false},"author":1,"featured_media":0,"parent":3479,"menu_order":6,"comment_status":"closed","ping_status":"closed","template":"","meta":[],"_links":{"self":[{"href":"https:\/\/oadiriv.unipa.it\/index.php?rest_route=\/wp\/v2\/pages\/2507"}],"collection":[{"href":"https:\/\/oadiriv.unipa.it\/index.php?rest_route=\/wp\/v2\/pages"}],"about":[{"href":"https:\/\/oadiriv.unipa.it\/index.php?rest_route=\/wp\/v2\/types\/page"}],"author":[{"embeddable":true,"href":"https:\/\/oadiriv.unipa.it\/index.php?rest_route=\/wp\/v2\/users\/1"}],"replies":[{"embeddable":true,"href":"https:\/\/oadiriv.unipa.it\/index.php?rest_route=%2Fwp%2Fv2%2Fcomments&post=2507"}],"version-history":[{"count":3,"href":"https:\/\/oadiriv.unipa.it\/index.php?rest_route=\/wp\/v2\/pages\/2507\/revisions"}],"predecessor-version":[{"id":3486,"href":"https:\/\/oadiriv.unipa.it\/index.php?rest_route=\/wp\/v2\/pages\/2507\/revisions\/3486"}],"up":[{"embeddable":true,"href":"https:\/\/oadiriv.unipa.it\/index.php?rest_route=\/wp\/v2\/pages\/3479"}],"wp:attachment":[{"href":"https:\/\/oadiriv.unipa.it\/index.php?rest_route=%2Fwp%2Fv2%2Fmedia&parent=2507"}],"curies":[{"name":"wp","href":"https:\/\/api.w.org\/{rel}","templated":true}]}}