{"id":1108,"date":"2012-06-27T16:45:21","date_gmt":"2012-06-27T16:45:21","guid":{"rendered":"http:\/\/oadiriv.unipa.it\/?page_id=1108"},"modified":"2019-06-28T21:13:58","modified_gmt":"2019-06-28T21:13:58","slug":"numero-4-dicembre-2011","status":"publish","type":"page","link":"https:\/\/oadiriv.unipa.it\/?page_id=1108","title":{"rendered":"Numero 4 &#8211; Dicembre 2011"},"content":{"rendered":"<ul>\n<li>\n<h5><a href=\"http:\/\/oadiriv.unipa.it\/?page_id=981\">Salvatore Tornatore &#8211; La corte di Pietro Luna e Isabella Vega, duchi di Bivona<\/a><\/h5>\n<\/li>\n<li>\n<h5><a href=\"http:\/\/oadiriv.unipa.it\/?page_id=992\">Mar\u00eda  Albaladejo Mart\u00ednez &#8211; La apariencia de la Infanta de Espa\u00f1a en los  retratos de Sofonisba Anguissola: Im\u00e1genes de poder, Im\u00e1genes de virtud<\/a><\/h5>\n<\/li>\n<li>\n<h5><a href=\"http:\/\/oadiriv.unipa.it\/?page_id=1000\">Benedetta Montevecchi &#8211; Gioielli devozionali per i santi protettori di Montefiascone<\/a><\/h5>\n<\/li>\n<li>\n<h5><a href=\"http:\/\/oadiriv.unipa.it\/?page_id=1005\">Paola Venturelli &#8211; Un calice e un reliquiario siciliano nel Tesoro del Duomo di Milano<\/a><\/h5>\n<\/li>\n<li>\n<h5><a href=\"http:\/\/oadiriv.unipa.it\/?page_id=1011\">Giovanni Boraccesi &#8211; A Levante di Palermo. Argenti con l\u2019aquila a volo alto nell\u2019isola greca di Tinos<\/a><\/h5>\n<\/li>\n<li>\n<h5><a href=\"http:\/\/oadiriv.unipa.it\/?page_id=1016\">Giovanni  Travagliato &#8211; Aggiunte al catalogo di Bonaventura Caruso, sacerdote e orafo messinese della seconda met\u00e0 del \u2018700<\/a><\/h5>\n<\/li>\n<li>\n<h5><a href=\"http:\/\/oadiriv.unipa.it\/?page_id=1024\">Elisabetta Digiugno &#8211; La raccolta Ginori di impronte in zolfo di cammei e intagli<\/a><\/h5>\n<\/li>\n<li>\n<h5><a href=\"http:\/\/oadiriv.unipa.it\/?page_id=1039\">Raimondo  Mercadante &#8211; Architettura e arti decorative nell\u2019H\u00f4tel Pourtal\u00e8s di F\u00e9lix Duban. Parigi 1837<\/a><\/h5>\n<\/li>\n<li>\n<h5><a href=\"http:\/\/oadiriv.unipa.it\/?page_id=1049\">Tiziana Crivello &#8211; I Vespri siciliani in un sipario dipinto da Giuseppe Carta per l\u2019Unit\u00e0 d\u2019Italia<\/a><\/h5>\n<\/li>\n<\/ul>\n","protected":false},"excerpt":{"rendered":"<div class=\"mh-excerpt\"><p>Salvatore Tornatore &#8211; La corte di Pietro Luna e Isabella Vega, duchi di Bivona Mar\u00eda Albaladejo Mart\u00ednez &#8211; La apariencia de la Infanta de Espa\u00f1a <a class=\"mh-excerpt-more\" href=\"https:\/\/oadiriv.unipa.it\/?page_id=1108\" title=\"Numero 4 &#8211; Dicembre 2011\">[&#8230;]<\/a><\/p>\n<\/div>","protected":false},"author":1,"featured_media":0,"parent":3470,"menu_order":4,"comment_status":"closed","ping_status":"closed","template":"","meta":[],"_links":{"self":[{"href":"https:\/\/oadiriv.unipa.it\/index.php?rest_route=\/wp\/v2\/pages\/1108"}],"collection":[{"href":"https:\/\/oadiriv.unipa.it\/index.php?rest_route=\/wp\/v2\/pages"}],"about":[{"href":"https:\/\/oadiriv.unipa.it\/index.php?rest_route=\/wp\/v2\/types\/page"}],"author":[{"embeddable":true,"href":"https:\/\/oadiriv.unipa.it\/index.php?rest_route=\/wp\/v2\/users\/1"}],"replies":[{"embeddable":true,"href":"https:\/\/oadiriv.unipa.it\/index.php?rest_route=%2Fwp%2Fv2%2Fcomments&post=1108"}],"version-history":[{"count":5,"href":"https:\/\/oadiriv.unipa.it\/index.php?rest_route=\/wp\/v2\/pages\/1108\/revisions"}],"predecessor-version":[{"id":3475,"href":"https:\/\/oadiriv.unipa.it\/index.php?rest_route=\/wp\/v2\/pages\/1108\/revisions\/3475"}],"up":[{"embeddable":true,"href":"https:\/\/oadiriv.unipa.it\/index.php?rest_route=\/wp\/v2\/pages\/3470"}],"wp:attachment":[{"href":"https:\/\/oadiriv.unipa.it\/index.php?rest_route=%2Fwp%2Fv2%2Fmedia&parent=1108"}],"curies":[{"name":"wp","href":"https:\/\/api.w.org\/{rel}","templated":true}]}}

<ul>
<li>
<h5><a href="http://oadiriv.unipa.it/?page_id=981">Salvatore Tornatore &#8211; La corte di Pietro Luna e Isabella Vega, duchi di Bivona</a></h5>
</li>
<li>
<h5><a href="http://oadiriv.unipa.it/?page_id=992">María  Albaladejo Martínez &#8211; La apariencia de la Infanta de España en los  retratos de Sofonisba Anguissola: Imágenes de poder, Imágenes de virtud</a></h5>
</li>
<li>
<h5><a href="http://oadiriv.unipa.it/?page_id=1000">Benedetta Montevecchi &#8211; Gioielli devozionali per i santi protettori di Montefiascone</a></h5>
</li>
<li>
<h5><a href="http://oadiriv.unipa.it/?page_id=1005">Paola Venturelli &#8211; Un calice e un reliquiario siciliano nel Tesoro del Duomo di Milano</a></h5>
</li>
<li>
<h5><a href="http://oadiriv.unipa.it/?page_id=1011">Giovanni Boraccesi &#8211; A Levante di Palermo. Argenti con l’aquila a volo alto nell’isola greca di Tinos</a></h5>
</li>
<li>
<h5><a href="http://oadiriv.unipa.it/?page_id=1016">Giovanni  Travagliato &#8211; Aggiunte al catalogo di Bonaventura Caruso, sacerdote e orafo messinese della seconda metà del ‘700</a></h5>
</li>
<li>
<h5><a href="http://oadiriv.unipa.it/?page_id=1024">Elisabetta Digiugno &#8211; La raccolta Ginori di impronte in zolfo di cammei e intagli</a></h5>
</li>
<li>
<h5><a href="http://oadiriv.unipa.it/?page_id=1039">Raimondo  Mercadante &#8211; Architettura e arti decorative nell’Hôtel Pourtalès di Félix Duban. Parigi 1837</a></h5>
</li>
<li>
<h5><a href="http://oadiriv.unipa.it/?page_id=1049">Tiziana Crivello &#8211; I Vespri siciliani in un sipario dipinto da Giuseppe Carta per l’Unità d’Italia</a></h5>
</li>
</ul>

<div class="mh-excerpt"><p>Salvatore Tornatore &#8211; La corte di Pietro Luna e Isabella Vega, duchi di Bivona María Albaladejo Martínez &#8211; La apariencia de la Infanta de España <a class="mh-excerpt-more" href="https://oadiriv.unipa.it/?page_id=1108" title="Numero 4 &#8211; Dicembre 2011">[&#8230;]</a></p>
</div>
